**2 + d + 0*h - 30*h**2. Determine t(1).
3
Suppose -4*i - 13*i = 3*i. Let m(f) = -f**2 - 2*f. What is m(i)?
0
Let r(y) be the first derivative of -22*y**3 + 25 + 2*y + 26*y**3 - 3*y. What is r(1)?
11
Suppose 22 = 6*l + 22. Let k(v) be the third derivative of 1/24*v**4 - 5*v**2 + 0*v**3 + l*v + 0 - 2/15*v**5. What is k(1)?
-7
Suppose -18 = -j + 3*j. Let n(a) = -4 + 0*a**3 + 93*a**2 - 93*a**2 + a**3 - 2*a + 10*a**2 + 10*a. Calculate n(j).
5
Suppose z - 4*z = -i - 16, -3*z - 4*i = 4. Suppose 5*j - z = 6. Let r be j - (8 - (4 - 3)). Let x(a) = a**2 + 7*a + 4. Calculate x(r).
-6
Let d be (-3)/(3/(-6)*-2). Let f(h) = -2*h**2 + 3*h - 1. Let u be (3/(-4))/(10/(-40)). Let c(b) = b**2 - b + 1. Let w(m) = u*f(m) + 7*c(m). Determine w(d).
7
Let j(c) = c + 2. Let i be j(-4). Let v be -7 + 8 - (0 + 2)*-1. Let q(l) = -2 + v*l - 8*l + 4*l**2 + 0 + 6*l. What is q(i)?
12
Let z(g) = 8*g + 87. Let r be z(-11). Let c(h) = 22*h**3 - h**2. Give c(r).
-23
Let v(z) be the third derivative of -z**7/1260 - z**6/144 + 19*z**5/60 + 11*z**2. Let b(j) be the third derivative of v(j). Calculate b(-6).
19
Suppose -52*n = -40*n + 204. Let g(p) = -p**2 - 17*p + 3. Give g(n).
3
Let f(h) be the third derivative of h**5/10 - h**3/6 + h**2 - 57. Suppose s + 0 = -1. Determine f(s).
5
Let g(z) = -z**2 - 5*z + 1. Let l(u) = u - 1. Let x be l(23). Suppose 8 = 2*o - 4*t, -2*o = 5*t + 15 + x. Determine g(o).
-5
Let f(z) = z + 21. Let t(s) = 29. Let y(k) = -3*f(k) + 2*t(k). Let c = -60 + 43. Let g be c/3 + 2/(-6). Calculate y(g).
13
Let f(y) = -y - 5. Suppose -17*p - 290 = 12*p. What is f(p)?
5
Let g(n) = 5*n**2 + 1. Let k = 5 - 3. Suppose -2*u - k*u + 24 = 0. Let m be -4 + u - (1 - 0). What is g(m)?
6
Let i = 47 + -37. Let q(y) = -y**3 + 11*y**2 - 9*y + 1. What is q(i)?
11
Let n(v) = 26*v**3 - 16*v**2 + 17*v - 10. Let d(w) = -5*w**3 + 3*w**2 - 3*w + 2. Let x(t) = -11*d(t) - 2*n(t). Determine x(2).
16
Suppose -c = 5*c - 48. Suppose c*z = z + 7. Let j be 2*1/2 - z. Let a(p) = -p**2 - p + 3. Give a(j).
3
Let w = 3 - -2. Let u be ((-3)/w)/((-1)/(-5)). Let y(i) = 3 - 120*i - 2 + 119*i. Give y(u).
4
Let o(q) = -8*q**2 - q + 2. Suppose -6*u = 332 - 338. What is o(u)?
-7
Suppose 0 = -0*i + 4*i. Let j(a) be the second derivative of -a**5/120 - 7*a**4/24 - a**3/3 - 3*a. Let m(x) be the second derivative of j(x). What is m(i)?
-7
Let p(i) = 2635*i - 2637*i - 2*i**3 - 1 + 3*i**3. Determine p(3).
20
Let s(d) be the third derivative of 0 - 2/3*d**3 - 3*d**2 + 0*d - 1/8*d**4. Let f be (32/6 - 2)*114/(-95). Determine s(f).
8
Suppose -3*u + 146 = 26. Suppose 4*f - 24 = -u. Let m(d) = d**3 + 5*d**2 + 2*d + 3. Give m(f).
11
Let y(t) = t**3 + 8*t**2 - 35*t - 145. Let j be y(-10). Let a(m) be the third derivative of m**4/8 - m**3 + 2*m**2. What is a(j)?
9
Let a(b) = 6*b**2 + 7*b + 5. Let i(z) = -z**2. Let t(p) = -a(p) - 5*i(p). Let c be (-3)/(3*(-2)/(-88)). Let m = c - -39. Calculate t(m).
5
Let w be -2 + ((-1)/3)/(5/(-105)). Let y(o) = -o**3 + 3*o**2 + 6*o + 3. Determine y(w).
-17
Let c(z) = -z**3 - 2*z**2 + 2*z - 2. Suppose 4*a = f + 6, 18 = f + a + 14. Calculate c(f).
-14
Let s(w) be the first derivative of -10*w**3/3 - 1. Let k(t) = t**2 - 4*t - 33. Let n be k(-4). Determine s(n).
-10
Let c(p) = -p**3 - 4*p**2 - p - 4. Let y(l) = -3*l**3 + 2*l**2 + 2*l + 1. Let t be y(-1). Suppose 12 = -2*g + t. What is c(g)?
0
Let d(h) = -3*h - 18. Let k = 1660 + -1667. What is d(k)?
3
Let h(y) be the first derivative of y**3/3 - y**2/2 - 2*y + 142. Determine h(-3).
10
Let w(b) = 2*b**2 - 5*b + 3. Let m(f) = f**3 + 9*f**2 - 9*f + 4. Let u be m(-10). Let a be 6/9 - 14/u. Calculate w(a).
6
Let b(m) = m**3 - 3*m**2 - m + 1. Let l(a) = -a + 2. Let p be l(-7). Let j be (2 + p/(-6))*6. Let q be (-1 + j - 2) + 3. Determine b(q).
-2
Suppose -3*c + 7 = -2. Suppose 2*a + 4*f - 22 = 0, 5*f = 2*a + c*a + 5. Let u(x) = 0*x**2 + 43 - 2*x - 40 + x**2. Give u(a).
6
Let v be (1/2)/(11/(-22)). Let t(w) = 10*w**2 + 2*w + 1. What is t(v)?
9
Suppose 0*t = -2*t + 14. Let m(b) be the second derivative of -b**3/3 + 5*b**2/2 + 2*b + 76. Determine m(t).
-9
Let l(t) = 14*t + 177. Let y be l(-13). Let p(k) = k**2 + 6*k - 3. Calculate p(y).
-8
Suppose 4*u - 9 = -5*v, 5*u + 3*v - 7 = u. Let t(p) = -6 + u - 17*p + 15*p. Give t(-4).
3
Suppose 5*j - 4*p = -p + 23, -4*p + 16 = 5*j. Let l be 2 + 1 + -1 - 7. Let n(o) = -11*o + 12. Let y(a) = -27*a + 30. Let m(f) = l*y(f) + 12*n(f). Give m(j).
6
Let g(x) = -8*x**3 + x**2 - 5*x - 5. Let o(n) = 17*n**3 - 3*n**2 + 12*n + 11. Let f(v) = 9*g(v) + 4*o(v). Calculate f(1).
-5
Let f(c) = -5*c + 5 - 4*c + 8*c. Let i be f(8). Let t be (9/15)/(i/(-15)). Let z(o) = -o**3 + 2*o**2 - 2. Determine z(t).
-11
Let w be 3 - 3 - 1/((-1)/(-5)). Let d(h) be the third derivative of -1/120*h**6 - 1/12*h**5 - 1/2*h**3 - 1/24*h**4 + 2*h**2 + 0*h + 0. Determine d(w).
2
Let w(a) = -2*a + 2. Suppose 10*v - 28 - 22 = 0. What is w(v)?
-8
Let q = 27 - -4. Let m = 79 - q. Let z be 8/m - 31/6. Let x(r) = -r**3 - 5*r**2 + r + 6. Determine x(z).
1
Let g(h) be the third derivative of h**4/24 + h**3/3 - 119*h**2. Determine g(-12).
-10
Let l(x) be the third derivative of x**5/60 + x**4/6 - x**3 - x**2. Let g = 24 - 20. Let a be g/(-2) - (10 + 2)/4. What is l(a)?
-1
Let j(d) be the second derivative of -5*d**3/3 + d**2 - 3*d + 18. What is j(3)?
-28
Suppose -5*v = -6*v. Let g be v/(-5) + (0 - -2). Let i(m) be the first derivative of -m**2 - 2*m - 20. Calculate i(g).
-6
Let a(b) = 19*b**3 - b - 20*b**3 - 3*b**2 + 9*b**2 - 6. Give a(5).
14
Let x(v) be the second derivative of v**4/12 - 3*v**2 - 303*v. Calculate x(4).
10
Let i(m) = -m + 1. Let h(z) = z. Let d(t) = -3*h(t) - i(t). Suppose r - 10 = -4*r. Suppose -4*u - r*u = 12. Determine d(u).
3
Suppose 10 + 2 = -2*x. Let b(d) be the first derivative of -d**5/60 - d**4/6 + d**3/3 - 3*d**2/2 + 4. Let w(a) be the second derivative of b(a). Give w(x).
-10
Let f(j) = 2*j**3 - 19*j**2 - 4*j - 13. Let q(i) = -i**3 + 9*i**2 + 2*i + 6. Let k(w) = -6*f(w) - 13*q(w). Determine k(4).
8
Suppose 0 = 3*w + 12, -3*m + 10 = -4*m - 5*w. Let k(b) = m*b - 4*b - 3*b. Determine k(-2).
-6
Let u(f) = -19*f**2 - 3*f + 7. Let t(x) = 35*x**2 + 6*x - 14. Let l(n) = -6*t(n) - 11*u(n). Give l(3).
-11
Let w = 61 - 63. Let g be (-3)/(3/7) + -1. Let y be (12 + w)*(-4)/g. Let f(i) = -i**3 + 4*i**2 + 7*i - 4. Give f(y).
6
Let q = 81 - 88. Let s(p) = -4*p + 9. Let l(c) = -c + 1. Let a(x) = 5*l(x) - s(x). Determine a(q).
3
Let b(g) = 2*g + 27. Let w(r) = 2*r + 32. Let u(a) = -5*b(a) + 4*w(a). Determine u(-3).
-1
Let x = -112 + 110. Let d(r) = 4*r**2 + r - 1. Let o(a) = -13*a**2 - 3*a + 3. Let k = 4 + -11. Let z(v) = k*d(v) - 2*o(v). Determine z(x).
-5
Let o = 24 - 22. Let z(q) = q - 6*q + 2 + q**o - q. Calculate z(6).
2
Suppose 3*i + a - 63 = 0, -3*i = 2*i + 3*a - 101. Let q be (i/4 + -3)*(-6)/(-5). Let w(v) = -v**3 + 3*v**2 + v + 4. Calculate w(q).
7
Let c(v) = -v**3 - 6*v**2 + 7*v + 6. Let b(m) = 10*m**2 + m. Let h be b(1). Let q(i) = -6*i**3 - 29*i**2 + 36*i + 29. Let s(f) = h*c(f) - 2*q(f). Give s(7).
-6
Let f(p) be the second derivative of 3*p**3/2 + 4*p**2 + 63*p + 2. Give f(-2).
-10
Suppose -48 = 52*h - 36*h. Let i(q) = q**3 + 4*q**2 + 3*q + 4. What is i(h)?
4
Let z(n) = 9*n - 3. Let f be z(1). Suppose -x = 2 - f. Let i be 7*(x + -2 + -3). Let s(y) = -y - 9. Give s(i).
-2
Let i(y) = -2 + 1 - 16268*y + 6 + 16281*y. Give i(1).
18
Let f(o) = o**2 - 34*o - 153. Let x be f(-4). Let u(v) = 3*v**3 + 3*v + 2. What is u(x)?
-4
Let r(p) = -p**3 - 39*p**2 - 4*p - 150. Let y be r(-39). Let k(i) = -i**2 + 6*i + 10. Determine k(y).
10
Let p be (120/16)/(2 - (-5)/(-4)). Let u(b) = -b**2 + 12*b + 12. Give u(p).
32
Let z(p) = 7*p**2 + 13*p + 7. Let s(f) = 0*f**2 + 0*f**2 + 5*f**2 - 11*f**2 - 12*f - 7. Let c(x) = 6*s(x) + 5*z(x). Determine c(-5).
3
Suppose -3*x - 26 - 79 = 0. Let u = -33 - x. Let y(d) = 4 - 2 - 3*d + 0. Determine y(u).
-4
Let h be 0 + (-3)/(-1) - 3. Let s(m) = -m + 11 + 2*m - 2*m. Determine s(h).
11
Let z = 3 + -6. Let b(v) = 2*v + 10. Let r be b(-5). Let g(w) = r - 71*w + 73*w + 4. What is g(z)?
-2
Let z = -60 - -69. Let d(y) = y**2 - 7*y - 10. Give d(z).
8
Let b(g) be the third derivative of -g**8/6720 + g**7/1260 + g**6/144 - g**5/30 + 13*g**4/24 + 17*g**2. Let v(p) be the second derivative of b(p). What is v(3)?
2
Let o(u